{"id":8,"date":"2024-11-27T06:31:59","date_gmt":"2024-11-27T06:31:59","guid":{"rendered":"https:\/\/carolin-feist.de\/?page_id=8"},"modified":"2024-11-27T06:53:14","modified_gmt":"2024-11-27T06:53:14","slug":"ueber-mich","status":"publish","type":"page","link":"https:\/\/carolin-feist.de\/?page_id=8","title":{"rendered":"\u00dcber mich"},"content":{"rendered":"\n<p><\/p>\n\n\n\n<p class=\"has-text-align-left\">Mein Name ist Carolin Feist. Geboren bin ich im Juli 1989 in Gera.<s><img loading=\"lazy\" decoding=\"async\" width=\"210\" height=\"283\" src=\"https:\/\/carolin-feist.de\/old\/images\/portrait_2019.jpg\"><\/s><\/p>\n\n\n\n<p>Dort habe ich 2008 mein Abitur gemacht.<br><br>Von 2008 bis 2011 besuchte ich die SBBS f\u00fcr Gesundheit und Soziales Jena und absolvierte dort 3 Jahre die Hebammenausbildung.<\/p>\n\n\n\n<p>Am 31.08.2011 hielt ich schlussendlich mein Hebammenexamen in der Hand und darf mich seitdem staatlich examinierte Hebamme nennen.<\/p>\n\n\n\n<p>September 2011 bis Oktober 2016 arbeitete ich als angestellte Hebamme im Krei\u00dfsaal an der Universit\u00e4tsfrauenklinik Jena, zus\u00e4tzlich machte ich mich ab Oktober 2011 bereits freiberuflich.<\/p>\n\n\n\n<p>Im Februar 2015 kam meine Tochter zur Welt und ich nahm mir eine kleine Auszeit.<\/p>\n\n\n\n<p>Danach begann ich im Oktober 2016 bis Juni 2017 in der Pleissentalklinik Werdau als angestellte Hebamme im Krei\u00dfsaal zu arbeiten.<\/p>\n\n\n\n<p>Seit Juli 2017 bin ich nun komplett als freiberufliche Hebamme im Raum Gera unterwegs.<\/p>\n","protected":false},"excerpt":{"rendered":"<p>Mein Name ist Carolin Feist. Geboren bin ich im Juli 1989 in Gera. Dort habe ich 2008 mein Abitur gemacht. Von 2008 bis 2011 besuchte ich die SBBS f\u00fcr Gesundheit und Soziales Jena und absolvierte dort 3 Jahre die Hebammenausbildung. Am 31.08.2011 hielt ich schlussendlich mein Hebammenexamen in der Hand und darf mich seitdem staatlich &hellip; <a href=\"https:\/\/carolin-feist.de\/?page_id=8\" class=\"more-link\"><span class=\"screen-reader-text\">\u201e\u00dcber mich\u201c <\/span>weiterlesen<\/a><\/p>\n","protected":false},"author":1,"featured_media":0,"parent":0,"menu_order":0,"comment_status":"closed","ping_status":"closed","template":"","meta":{"footnotes":""},"class_list":["post-8","page","type-page","status-publish","hentry"],"_links":{"self":[{"href":"https:\/\/carolin-feist.de\/index.php?rest_route=\/wp\/v2\/pages\/8","targetHints":{"allow":["GET"]}}],"collection":[{"href":"https:\/\/carolin-feist.de\/index.php?rest_route=\/wp\/v2\/pages"}],"about":[{"href":"https:\/\/carolin-feist.de\/index.php?rest_route=\/wp\/v2\/types\/page"}],"author":[{"embeddable":true,"href":"https:\/\/carolin-feist.de\/index.php?rest_route=\/wp\/v2\/users\/1"}],"replies":[{"embeddable":true,"href":"https:\/\/carolin-feist.de\/index.php?rest_route=%2Fwp%2Fv2%2Fcomments&post=8"}],"version-history":[{"count":3,"href":"https:\/\/carolin-feist.de\/index.php?rest_route=\/wp\/v2\/pages\/8\/revisions"}],"predecessor-version":[{"id":58,"href":"https:\/\/carolin-feist.de\/index.php?rest_route=\/wp\/v2\/pages\/8\/revisions\/58"}],"wp:attachment":[{"href":"https:\/\/carolin-feist.de\/index.php?rest_route=%2Fwp%2Fv2%2Fmedia&parent=8"}],"curies":[{"name":"wp","href":"https:\/\/api.w.org\/{rel}","templated":true}]}}